at is the thousands digit of y?
3
Suppose 0 = t - 4*p - 21982, 29*p - 25*p = 3*t - 65906. What is the thousands digit of t?
1
Let h be ((-115)/3 - -4)*(-1 + -2). Let g = h + -58. What is the units digit of g?
5
Let p(x) = x - 9. Let y be p(7). Let g(a) = -26*a - 14 + 46 - 18 - 8 - 9. What is the tens digit of g(y)?
4
Let i = 20550 - -8144. What is the hundreds digit of i?
6
Suppose -4*y - 8600 + 2712 = -2*a, 0 = y - 5. Suppose -a = -5*q - 139. What is the hundreds digit of q?
5
Let j = 660 - 657. Suppose 2334 + 2052 = j*n. What is the thousands digit of n?
1
Suppose -1105 = -3*w - o, 9*o = w + 5*o - 364. Suppose -33*d = -31*d - w. What is the tens digit of d?
8
Let u(s) = s**3 - 4*s - 1. Let n(z) = 5*z**3 + 17*z**2 - 52*z + 24. Let h(o) = -n(o) + 4*u(o). What is the hundreds digit of h(-20)?
4
Let g = 19110 + -11123. What is the tens digit of g?
8
Let y(q) = 28. Let p(s) = -s + 28. Let b(n) = -3*p(n) + 2*y(n). Suppose -4*j = -j + 2*w - 25, 4*w + 5 = -j. What is the units digit of b(j)?
5
Let v be 538 - (1 - (-10 - (-3 + -3))). Suppose 528*c + 4100 = v*c. What is the hundreds digit of c?
8
Suppose 0 = 5*h - 3*n - 30, 0*n + 3*n = -5*h + 30. Suppose -z - 3 = -h. What is the units digit of (12/4 - -78) + z?
4
Suppose 9092*h - 9105*h = -35555. What is the hundreds digit of h?
7
Suppose 82*u - 5*h + 378 = 81*u, -4*h - 1488 = 4*u. Let x = -139 - u. What is the units digit of x?
4
Let r = 25185 - 4544. What is the thousands digit of r?
0
Let u be (-4)/(-10) - (-1496)/10. Suppose -5*h + u = -2*v - 152, 2*h = 5*v + 104. Let c = 110 - h. What is the units digit of c?
8
Let m(v) = -1461*v - 684. What is the thousands digit of m(-4)?
5
What is the hundreds digit of ((-116)/3)/(8/(-2610))?
6
Let j be (5 - 4) + 1 + 9. Suppose 0 = j*c - 6*c - 70. Suppose c*p - 1567 = 1177. What is the units digit of p?
6
Let d be 69/(-21) - -3 - 30/(-7). Suppose d*x - 1558 + 520 = -5*q, -4 = -2*q. What is the tens digit of x?
5
Let d be 14/(-3) - 3/((-18)/4). What is the tens digit of (4 + (-8)/d)*(-966)/(-18)?
2
Suppose 24*f - 60*f - 756 = 0. What is the units digit of (-12)/(-9) + (-13391)/f?
9
Let b(l) = -l**3 + 18*l**2 + 26*l - 115. Let k be b(19). Suppose 9*x + 2079 = k*x. What is the tens digit of x?
3
Let k = -10814 + 25543. What is the tens digit of k?
2
Suppose 0 = -6*c + p + 67704 + 395431, -4*p - 385968 = -5*c. What is the tens digit of c?
8
Let n(h) = -44*h**3 - 23*h**2 - 104*h - 13. What is the tens digit of n(-5)?
3
Let l(h) be the first derivative of -h**2 - h - 16. Let f be l(-2). Suppose f*o = -4*o + 532. What is the units digit of o?
6
Let m = 12 + -1541. Let z = -1092 - m. What is the hundreds digit of z?
4
Let z(x) = 174*x - 101. Let d be z(15). Suppose t = 6*t - 3*r - d, 488 = t + 4*r. What is the hundreds digit of t?
5
Let z(o) = -4*o**2 - 19*o - 37. Let x(u) = 4*u**2 + 20*u + 37. Let k(g) = -5*x(g) - 6*z(g). What is the units digit of k(-10)?
7
Let i = -8319 + 17587. What is the hundreds digit of i?
2
Let h(w) = 7*w**2 - 27*w**2 - 19*w + 21 - w**3 + 2*w**3. Suppose 0 = -5*m + 30, 4*v - 72*m + 70*m - 72 = 0. What is the tens digit of h(v)?
6
Suppose -3*c = -15, 0 = -5*m + 4*c - 0*c - 40. Let i be (-1)/(m + 42/10). Let k = 23 + i. What is the tens digit of k?
1
Suppose -3*l + 38097 = -4*m, 2*m = -2*l + 19117 + 6267. What is the tens digit of l?
9
Suppose 5*u - 4*u - 8 = 0. Suppose y = 5*t + 4*y - u, 5*t + 2*y = 12. Suppose -t*z + 4*q = 3*q - 151, 0 = -3*z + 5*q + 109. What is the tens digit of z?
3
Suppose 45 = -3*w + 54. Suppose 0 = -2*a - 6, w*m - 1389 = 4*a - 9*a. What is the units digit of m?
8
Suppose 0 = -2*x - 2*b - 11 - 3, 34 = -5*x - 4*b. What is the hundreds digit of -25*-1*(-90)/x?
3
Let j be (-4 + 9)*12/(-10). Let a(x) = -95*x - 157. What is the units digit of a(j)?
3
Let k(y) = 3*y**2 - 6*y + 18. Let b = -20 + 22. Suppose -b*j - 19 = -3*s, s + 7*j - 9*j = 5. What is the tens digit of k(s)?
2
Let z(n) = 9*n - 36. Let s(y) = 1. Suppose -t - 6 = 2*k + t, 7 = -k - 2*t. Let q(r) = k*z(r) + 45*s(r). What is the tens digit of q(4)?
4
Let f = -44 + 48. Suppose -2*a - k = -a - 14, -f*a + 26 = -2*k. Let z(x) = x**3 - 7*x**2 - 13*x + 13. What is the units digit of z(a)?
8
Suppose 15 = -13*g + 15. What is the tens digit of 210 + -6 + 4 + g + -2?
0
Suppose 7 = 2*n + t + 1, -3*n - 2*t + 8 = 0. Suppose -2*p + 1259 = n*c + 107, 5*p - 2844 = 2*c. What is the units digit of (6*1)/(p/276 + -2)?
2
Let i = -190 - -198. Suppose -9*n + 191 = -i*n. What is the hundreds digit of n?
1
Suppose -5*b = -2*n - 4958 - 2257, -2*b = n - 2895. What is the hundreds digit of b?
4
Let p be -2 - (756/(-3))/2. Suppose -236 - p = -5*r. Let a = r - 30. What is the units digit of a?
2
Let a(u) = u**2 - 17*u + 35. Let p be a(15). Suppose p*w - 1226 = 1204. Suppose -w = -2*z - 4*z. What is the units digit of z?
1
Suppose -2*d + 2*m = -4261 - 909, -5*d - 3*m + 12893 = 0. What is the tens digit of d?
8
Let c = -39951 - -66870. What is the thousands digit of c?
6
Let j(c) = 464*c + 5. Let k(x) = 2*x. Let f(g) = j(g) + 5*k(g). What is the hundreds digit of f(1)?
4
Suppose 0*g = -8*g + 12936. Suppose -g = 4*d - 11*d. Let q = 324 - d. What is the units digit of q?
3
Let u be ((-14)/(-10))/((-4)/5 - -1). Let d(s) = s**2 - 7*s - 2. Let x be d(6). What is the tens digit of 10/(((-7)/x)/u)?
8
Let j(c) = -5*c + 6. Let m be (-40)/(-380) + (-72)/(-38). Let g be j(m). What is the units digit of 34/(-3*g/84) - 3?
5
Let m(h) = -26*h + 76. Suppose 19*v + 278 = -121. What is the tens digit of m(v)?
2
Suppose 107*a - 421123 = 133993. What is the tens digit of a?
8
Let l = -6419 + 18717. What is the ten thousands digit of l?
1
Let j = 130 + -120. What is the units digit of (-136)/(-1 - j/(-14))?
6
Let b(r) = -24*r + 42*r**2 - 397 - 28*r**2 + 348. What is the tens digit of b(-8)?
3
Let j be (-838)/(-2) + -6*(-3)/6. Suppose 0 = d - 1, 6787 - j = 4*i + 5*d. What is the thousands digit of i?
1
What is the hundreds digit of ((-514)/6)/(((-403)/897)/31)?
9
Suppose u - 4*q - 8188 - 7953 = 0, 2*u = 2*q + 32264. What is the hundreds digit of u?
1
Let s(o) = o**3 + 11*o**2 + 6*o + 9. Suppose 11*n + 48 = 17*n. Let v = n + -14. What is the tens digit of s(v)?
5
Let i(l) = -2*l**3 + 24*l**2 + 24*l + 15. Let a be i(13). What is the tens digit of (a + 13)*(315 - -6)?
4
Let c(n) = -n - 1. Let i be c(4). Let r(k) = -25*k - 1 + 20*k - 5 + 4. What is the units digit of r(i)?
3
What is the tens digit of (-52)/91 + (-6 - 236476/(-28))?
3
Let q = -86 + 49. Let k = q - -37. What is the tens digit of (k + -1)*(1 + -74)?
7
Let p be 2/(-21) - 1153385/(-21). What is the tens digit of p/165 + (-2)/(-15)?
3
Let m(f) = f**3 + 36*f**2 + 67*f - 30. Let x be m(-34). Suppose -3*v - v = -4, x*v = 2*b - 714. What is the tens digit of b?
5
Let o be ((-24)/(-3)*2 - -2) + -1. Suppose 4*l = 4*l - o*l. Suppose -8*r - 5*r + 3133 = l. What is the units digit of r?
1
Let p be -5 - 2564/(-20)*(-6 + 11). Suppose -3*u + 4*u - d - p = 0, 4 = -d. What is the hundreds digit of u?
6
Let s(z) = 14*z**2 + 9*z + 262. What is the thousands digit of s(-19)?
5
Let h be (-122)/(-14) + 32/112. What is the units digit of (-5 + (-258)/h)*-6?
2
Let p(s) = 400*s - 3142. What is the units digit of p(58)?
8
Let i be 2*((-1)/(-2) - (-1)/2). Suppose -i*f + 6*f + 5*w = -1068, 0 = -5*w. Let m = f - -447. What is the hundreds digit of m?
1
Suppose 154*a + 154*a - 20434 = 307*a. What is the thousands digit of a?
0
Suppose 0 = -22*n - 12*n + 272. Suppose -7760 = -12*u - n*u. What is the tens digit of u?
8
Suppose 5*r - 197 = 143. Suppose 6*h + 356 = r. What is the tens digit of (h/56)/((-2)/154)?
6
Let x(k) = 8628*k - 1449. What is the tens digit of x(4)?
6
Suppose -6*n + 10*n - 2272 = 0. Let w = n + -844. Let v = 464 + w. What is the tens digit of v?
8
Suppose 706 = o + 3*m + m, 2169 = 3*o - 5*m. Let k = -453 + o. What is the tens digit of k?
6
Suppose -4*a + 2 = 2*w, -9*w + 8*w - 5 = 0. What is the units digit of (6/(-4))/(a/(-5184)*4)?
8
Suppose -f - 51*x + 60260 = -53*x, 0 = f + 10*x - 60332. What is the units digit of f?
2
Suppose -20*z = -21*z + 194. Suppose 615 = a - 4*m + z, -3*a = m - 1237. What is the units digit of a?
3
Let d(a) = -160*a - 92. Let k be d(-14). Suppose 0 = 20*j - 5232 - k. What is the hundreds digit of j?
3
Suppose 3*y - 2183 = 424. Let l = -42